n 1642 is divided by 10/65 - (54908/(-91))/4?
132
Calculate the remainder when (4/6)/((-154)/(-313698)) is divided by 40.
38
Let x(n) = n**2 + 58*n + 717. What is the remainder when 898 is divided by x(-16)?
43
Let d(n) = 6*n + 0 + 2*n - 25. Let y be d(10). Suppose -4*i + 2 = -2*i, 2*z - i - y = 0. What is the remainder when z is divided by 6?
4
Calculate the remainder when 8/(-6) - 35904/(-144) is divided by 12.
8
Let c be (10/(-20))/((-2)/(-148)). Let k = c - -18. Let w = 48 + k. What is the remainder when w is divided by 11?
7
Calculate the remainder when 15/210 + (-245907)/(-42) is divided by 63.
59
Suppose 4*z - 5*m = 60, -m = 3 - 7. What is the remainder when 2371 is divided by z?
11
Suppose 32 = 3*s - 13. Let j(l) = 2*l - 25. Let t be j(s). Suppose -2*o = -5*v + 3*v - 60, -v = t*o - 150. Calculate the remainder when o is divided by 16.
14
Let k be -80*(-136)/64*4. Let b = k - 635. What is the remainder when b is divided by 13?
6
Suppose -9*t = -4*t - 3*h - 28, 0 = 2*t - 4*h - 14. Suppose -807 = -5*p + 4*d, -t*d - 479 = -0*p - 3*p. Calculate the remainder when p is divided by 33.
31
Suppose 4*y = 4*i + 5616, 2*i - 7076 = 2087*y - 2092*y. What is the remainder when y is divided by 340?
52
Suppose 14*t - 13 - 3487 = 0. What is the remainder when t is divided by 26?
16
Suppose -2*g - 106 + 139 = 3*s, s = -g + 11. What is the remainder when 500 is divided by s?
5
Let v(w) = 113 + 99 - 228 + 59*w. Let u be v(3). Suppose 0 = 3*q - s - u, 5*s = 4 + 1. Calculate the remainder when q is divided by 16.
6
Suppose -2*b + 20*w - 19*w + 342 = 0, 5*b - 5*w - 855 = 0. What is the remainder when b is divided by 32?
11
Let f(o) = o**3 - 10*o**2 - o + 19. Let p = -21 + 10. What is the remainder when (-680)/p - 2/(-11) is divided by f(10)?
8
Suppose -2*i + 0*i + m = -3, -5*i = 4*m - 14. Suppose i*l = 134 + 86. Calculate the remainder when l is divided by 56.
54
Suppose -4*j = -2*d + 34, d - j + 14 = 26. Calculate the remainder when 123 is divided by d.
4
Let v(o) = 14*o**2 + 37*o - 25. Calculate the remainder when v(5) is divided by 104.
94
Calculate the remainder when 704 is divided by ((64/24)/(2 - -2))/2*1038.
12
Suppose 4*o - 7*v - 3438 = -12*v, 2*o - 1710 = 2*v. Calculate the remainder when o is divided by 51.
41
Let k(q) be the third derivative of q**6/120 - 11*q**5/60 - 17*q**4/24 + 7*q**3/2 - 7*q**2. What is the remainder when k(13) is divided by 30?
18
Suppose -4*b = -68 - 124. Let d = 171 - 153. What is the remainder when b is divided by d?
12
Suppose 502*i - 125356 = -16*i. What is the remainder when i is divided by (-1)/4 - 141/(-4)?
32
Suppose -174*x = -330*x + 82212. What is the remainder when x is divided by 24?
23
Let g(t) = -20*t + 11*t - 19*t + 2*t - 93. Calculate the remainder when g(-12) is divided by 45.
39
Suppose 0 = 4*g - 5*s - 53, 0 = g + 8*s - 13*s - 2. Let w = -13 - -15. Suppose -w*q + 6*q = 40. What is the remainder when g is divided by q?
7
Suppose 297*u = -38*u + 18760. What is the remainder when u is divided by 10?
6
Suppose 2*w - 6*w = -84. Calculate the remainder when (-2)/6*237*-1 is divided by w.
16
Let p(w) = -w**3 + 8*w**2 + 33*w - 34. What is the remainder when 501 is divided by p(10)?
21
Let d = -124 + 140. What is the remainder when ((-3045)/14)/((-12)/d) is divided by 97?
96
Let c = -1902 - -1926. What is the remainder when 89 is divided by c?
17
Suppose 0 = -445*t - 442*t + 884*t + 825. Calculate the remainder when 970 is divided by t.
145
Let f = -159 + 314. Suppose 4*m - f = g, m + 2*g + 9 = 41. Calculate the remainder when m is divided by 13.
12
Let v = -38119 + 38318. What is the remainder when v is divided by (-2 - -6)/(2/10)?
19
Let x(y) = y**2 + 44*y + 425. Let z be x(-14). Suppose 2*r + z*t - 225 = 117, 5*r = 5*t + 925. Calculate the remainder when r is divided by 26.
25
Suppose -135770 = -334*c + 251670. What is the remainder when 1167 is divided by c?
7
Suppose -3*f = -15, 4*r + f + 16 = 45. Suppose -20*u + 154 = -r*u. Let y(k) = -k**2 + 9*k + 5. What is the remainder when y(8) is divided by u?
2
Suppose -5*o + 452 + 53 = -2*p, 5*p = 2*o - 181. What is the remainder when o is divided by (-3)/6*(-144)/2?
31
Suppose 10 + 23 = y. Suppose -2*m - y = -2*a - 11, -3*a + 2*m + 30 = 0. Calculate the remainder when 1809/33 - (4 - (-184)/(-44)) is divided by a.
7
Let o = 1581 + -1469. Suppose 2*c - 174 = -5*a + 4*c, 3*a - 5*c = o. Suppose 4*n - 2*n - 474 = 0. Calculate the remainder when n is divided by a.
33
Let o = -29071 - -30688. What is the remainder when o is divided by 511?
84
Let q = 1316 - 931. Suppose 20*v - q = 15*v. Calculate the remainder when 302 is divided by v.
71
Let l(g) = 6*g - 21. Suppose -2*t - 9 = -3*t. Let p be l(t). Suppose -5*z - 11 = -m, 0 = -m - 5*z + p + 8. Calculate the remainder when m is divided by 10.
6
Let k be 4*(-3)/(-8)*(-40)/12. Suppose 2*i - 234 = -0*i. What is the remainder when i is divided by k + 3 + 19 + 7?
21
Suppose -5 = -z, 4*s + 2 = 8*z + 2*z. Calculate the remainder when -2 + (-102)/(-2) + -3 is divided by s.
10
Let m be (-148)/28 + 5 - (-1014)/21. Suppose -49*v + 10 = -m*v. What is the remainder when 28 is divided by v?
8
Let x = -186 + 311. Let l(d) = -d**3 + 5*d**2 + 4*d + 26. Calculate the remainder when x is divided by l(6).
13
Let k(z) = 40*z**2 - 2*z - 3. Let x be 16/(-72) - -2*(-28)/72. What is the remainder when k(x) is divided by 7?
4
Suppose 27*j - 13*g = 23*j + 4991, 2*j - 2464 = 2*g. What is the remainder when j is divided by 246?
241
Let c(o) = o**2 + o + 21. Let j be c(0). Let n be j/28*4/1. Suppose -24 = -3*p - 2*a + 39, n*a - 9 = 0. Calculate the remainder when p is divided by 4.
3
Let f(x) be the second derivative of -4/3*x**3 + 1/20*x**5 + 0 + 13/2*x**2 - 41*x + 0*x**4. What is the remainder when f(5) is divided by 26?
20
Suppose 0 = 3*g - 37 - 2. Suppose 16*v - 435 = g*v. Let r = 96 + -75. Calculate the remainder when v is divided by r.
19
Let i(y) = 2*y - 20. Let z be i(12). Suppose m - z*m + 17 = -5*t, -3*t = -2*m + 11. Calculate the remainder when 95 is divided by (t + 7)*(-55)/(-10).
29
Let w be (-5 - (-51)/9)*-12. Let j(i) = -3*i**2 - 31*i - 6. Calculate the remainder when j(w) is divided by 1*13*-1*-1.
11
Let y(m) = 947*m - 3455. What is the remainder when y(4) is divided by 107?
12
Let j be 0*(4/(-12))/1. Suppose j = 3*u + 30 - 87. Let h = -60 + 116. Calculate the remainder when h is divided by u.
18
Calculate the remainder when (-2625)/(-5) + 25/(-12 + 7) is divided by 79.
46
Suppose 0 = -3*z + 20 - 266. Let d = z + 84. Calculate the remainder when 74 is divided by 18 + -5 + d + 0.
14
Let f(m) be the third derivative of 0 - 5/6*m**3 + 19*m**2 - 1/12*m**4 + 0*m. Calculate the remainder when 7 is divided by f(-4).
1
Let f(t) = 5*t + 2. Calculate the remainder when (1 + 95)*(-22 - -23) is divided by f(3).
11
Suppose 62 = -6*x + 7*x. Let n(l) = l**2 - 4*l + 27. Let j be n(12). Let u = j - 107. Calculate the remainder when x is divided by u.
14
Suppose -5*g - 3*a = 27 - 87, 3*g = -a + 40. Calculate the remainder when (-1 + 14/5)*20805/657 is divided by g.
12
Suppose -5*f + 92 = -2*q, -6*f + 108 = 3*q - 6*q. What is the remainder when 3399 is divided by f?
19
Let u(h) = 8*h - 4. Suppose -5*p - 195 = -5*m, 754*p = 3*m + 755*p - 105. What is the remainder when m is divided by u(3)?
16
Let z(p) = p**2 - 10*p - 20. Let h = 246 + -229. Calculate the remainder when z(h) is divided by 30.
9
Suppose 4863 + 12474 = 79*u - 1386. Calculate the remainder when u is divided by 104.
29
Let p(o) = -o**2 + 4*o + 2. Let x be p(4). Let c = 403 - 403. Suppose 636 = 5*r + n, c = -r - r + x*n + 252. Calculate the remainder when r is divided by 32.
31
Let y = -9 + 20. Calculate the remainder when -21*(-10120)/1020 + 6/(-17) is divided by y.
10
Let y(s) = -3*s + 247. Let m(u) = -u + 2. Let k(w) = -4*m(w) + y(w). What is the remainder when k(-21) is divided by 28?
22
Suppose -2*c - 3*d = -199, -8*d + 4*d + 4 = 0. What is the remainder when c is divided by ((135/(-18))/(-5))/(6/80)?
18
Suppose 2*x = 3*x - 27. Suppose 2*q = 4*t + 24, 0 = 9*q - 2*t + 10353 - 10717. What is the remainder when q is divided by x?
17
Suppose 0 = 3*l - n - 130, 40 = 19*l - 18*l - n. What is the remainder when 753 is divided by l?
33
Let h(o) = -o**3 + 9*o**2 - 10*o - 14. Suppose -2*g - 78 = -9